- 20*o - o**2 + n*o + 0 - 1 + 3*o. Calculate x(5).
-41
Let v(b) = -b**3 + 9*b**2 - 13*b + 7. Let o be 210/25 - (-4 - (-198)/45). Calculate v(o).
-33
Let f(v) = -1. Let q(g) = 4*g**2 - g - 2. Let d = 43 + -46. Let h be (5 - 9 - -1)/(-3). Let o(r) = d*f(r) + h*q(r). Calculate o(1).
4
Let w(g) = -5*g**3 + g**2 + g - 1. Suppose -5*s - 23 = -j - 0*s, 0 = -j + 3*s + 15. Suppose 54*y = 57*y - j. Calculate w(y).
-4
Let c(s) = 2*s + 9. Let x be c(3). Let f be 16/20*x/2. Let h(l) = 0*l + l - f*l. Give h(2).
-10
Suppose -5*q + 30 = 3*o, -6*q + 5*q = 5*o + 16. Let n(i) = i**3 - 10*i**2 + 15*i - 22. Give n(q).
32
Let b = 15 - 15. Suppose b = y - 2*i - 19, -6*i - 16 = -2*i. Let z(w) = w**2 + 5*w + 0*w**2 - 2*w**2 + y - 3. Calculate z(6).
2
Suppose -3*a + 5*n = -55, -1218*n - 45 = -3*a - 1215*n. Let t(s) = -s**2 + 13*s - 24. Calculate t(a).
6
Let n(y) be the first derivative of y**3/3 - 15*y**2/2 + 7*y + 563. What is n(13)?
-19
Let h(k) = k**3 - 9*k**2 + 16*k + 6. Suppose 43*m = 97*m - 328 + 4. Give h(m).
-6
Let k(a) = -5*a - 2*a**2 - 9*a + a**2 + 12*a + 1. Let y(m) = -4*m**2 - 13*m - 4. Let b(w) = 3*k(w) - y(w). Suppose -12 = -4*r, 3*z + z = 2*r - 30. Give b(z).
1
Let u(n) = 9*n**3 - 35*n**2 - 45*n + 37. Let r(p) = 25*p**3 - 103*p**2 - 131*p + 110. Let h(i) = 4*r(i) - 11*u(i). Calculate h(28).
5
Let d(u) = 3*u**2 + 58*u - 30. Let p(l) = 2*l**2 + 32*l - 15. Let r(z) = -3*d(z) + 5*p(z). Suppose 6*o - 70 = o. Determine r(o).
15
Let p(g) = -6*g - 24. Suppose -5*t - 20 = 5*s, 5*t + 2*s + 37 = 14. Determine p(t).
6
Let z(x) = -3*x**2 - 3 - 476*x - 470*x - 7*x**2 + 916*x. Give z(-3).
-3
Let r(m) = 2*m + 19. Let i(s) = -s**3 + 29*s**2 + 2*s - 63. Let v be i(29). Let b(p) = 3*p + 28. Let d(o) = v*b(o) + 7*r(o). Calculate d(-5).
-2
Let q(m) be the third derivative of m**6/120 + 11*m**5/60 + m**4/24 + 5*m**3/2 - 1390*m**2. Calculate q(-11).
4
Let r be 6/9*6 - (-1150)/(-300). Let j(v) be the third derivative of -7/24*v**4 + r*v**3 + 0 + 0*v + 1/60*v**5 + 7*v**2. What is j(4)?
-11
Let f(w) = 8*w + 42. Let b = 1879 - 1885. Calculate f(b).
-6
Let l be 14 - -60*(-8)/24. Let h(z) = 2*z**3 + 10*z**2 - 11*z + 12. Give h(l).
6
Let v be -4 + 3 + 5 + -10. Suppose -5*b + 11 = 1. Let t(y) = 5 + 3*y + 1 + 2 - b*y. Calculate t(v).
2
Let b(x) = x**2 + 4. Let v be (-2)/9 + ((-1906762)/117)/22. Let u = v + 739. Determine b(u).
8
Let m(r) = 16*r - 10. Let n(f) = 6*f - 5. Let t(k) = m(k) - 3*n(k). Give t(-4).
13
Let s(p) be the second derivative of -p**4/6 + 32*p**3/3 - 32*p**2 - 464*p - 5. Calculate s(31).
-2
Suppose 2*h + 4 = 3*b, 4*h + 0*b = b - 8. Let x(z) = 5*z**3 + 21*z**2 + z - 1. Let g(a) = 2*a**3 + 9*a**2 - a - 1. Let o(c) = -2*g(c) + x(c). What is o(h)?
-1
Let c = -2 - -1. Suppose 0 = 278*t - 299*t + 84. Let i(a) = -t + 7*a + 1 - 18*a + 2 + 5*a. Calculate i(c).
5
Let f be (-8 - -9 - -4)/(-1 + 2). Let a(b) = -f + 2*b - 5*b - 2*b - 31. Determine a(-6).
-6
Let d = 1 + -11. Let x be (-54)/d + 2/(-5). Let c(a) = -4 + 6103*a + 6103*a - 18272*a + 6068*a. What is c(x)?
6
Let v(w) be the second derivative of w**5/20 - w**4/12 - w**3/6 + w**2/2 + w. Let c = -214 + 214. Suppose c = 5*q - 14*q. Calculate v(q).
1
Let b be 9/1 + (56 - 56). Let o(h) = -h**3 + 7*h**2 + 19*h + 3. What is o(b)?
12
Let v(m) be the first derivative of 11*m**2/2 - 8*m + 1616. Determine v(1).
3
Let u(i) = i**3 - 11*i**2 + 8*i - 16. Let c be 16*-4*3/(-12) + -6. Determine u(c).
-36
Let z(b) = -b + 10. Let r be z(7). Let a(n) = 0 - 8*n**2 + 6 - 4 + n**r + 5*n + 0*n**3. Suppose 94*f = 92*f + 14. Give a(f).
-12
Let j(b) be the second derivative of -11*b**3/3 - 2*b**2 - 4*b + 19. What is j(3)?
-70
Let l(y) = -2*y**2 - 141*y - 1023. Let p(i) = -i**2 - 94*i - 648. Let v(a) = -5*l(a) + 8*p(a). Give v(25).
6
Let t(l) = -l**3 - 19*l**2 - 20*l - 55. Let m(a) = a**3 + 2*a**2 - 11*a + 2. Let y be m(-5). Determine t(y).
-19
Let u(q) = q**3 - 18*q**2 + 17*q. Suppose 0 = -3*s + 56 - 5. Let w be u(s). Suppose w = 4*m + 34 - 18. Let j(l) = -l**3 - 6*l**2 - 4*l + 3. Determine j(m).
-13
Let j(c) = 26*c. Let w = -149 - -474. Let h = 326 - w. Give j(h).
26
Let t(w) = 20*w - 46. Let y be 2*-3 + 20 + -19. What is t(y)?
-146
Let i(j) be the first derivative of -j**4/4 - 11*j**3/3 + 9*j**2/2 - 40*j + 183. Give i(-12).
-4
Let u(k) = 3. Let z(l) = -3 - 32*l - 48*l + 81*l. Let f(o) = 2*u(o) + 3*z(o). Calculate f(-3).
-12
Let o(w) = w**3 + 5*w**2 - 6*w - 2. Let x = 280 - 286. Let h be (-2)/(8/x) + (-585)/90. Calculate o(h).
28
Suppose 0 = -218*r + 837*r - 619. Let p(h) = -7*h + 6. What is p(r)?
-1
Suppose 2*n - 86 = -i, -4*i + i + 269 = -5*n. Let g(r) = -40*r**2 + i*r**2 - 49*r**2 - 5*r - 1. Give g(-2).
5
Let k = -13 + 18. Suppose 4 = 2*o, 5*h + 4*o - 10 = 9*o. Let v(t) = k*t**2 - 3*t**3 + 17*t + h - 23*t + 4*t**3. Determine v(-6).
4
Suppose 2*s + 27 = 11*s. Let h = 6 - 1. Let v(g) = -h*g - 3*g - 6 + 4*g + s*g. What is v(-7)?
1
Let p(j) = 2 + 2*j**2 - 1 + 4 - 9*j**2 + 4 - 6*j - j**3. Let f be p(-6). Let a(t) = 2*t - 8. Give a(f).
10
Let s be (-1)/4*-28*(-60)/(-140). Let a(y) = -y**3 - 3*y**2 + 7*y - 3. Calculate a(s).
-36
Let m(y) be the third derivative of -y**5/60 - y**3/6 - 5*y**2 - 20*y. Let g = -25 + 27. Let i be ((-6)/(-5))/(g/(-5)). Give m(i).
-10
Let h be -4 + 0 + 8 - 1. Suppose h*d - 8*d + 10 = 0. Suppose d*s + 0 = -6. Let k(i) = -i - 2. Give k(s).
1
Suppose 3*r + 5*a = 12847, 4277 = 17*r - 16*r - a. Let n(q) = -4279 - 3*q + r. Let b be (-1)/(-1) + -1 + 2. Determine n(b).
-6
Let p = -3493 - -3501. Let h(g) = 0 + 5 - 6 - g**2 + 8*g. Calculate h(p).
-1
Let s(z) be the third derivative of -z**6/120 + z**5/20 + z**4/12 + z**3/2 - z**2. Let v be (-31*12/(-372))/(1/3). Determine s(v).
9
Suppose 2*v = 5*v - 6. Let g(m) = -3*m**3 + v*m + 5*m**2 - m**2 + 1 - 2*m**2. Suppose 0 = -50*w - 113*w - 163. What is g(w)?
4
Let t(f) be the third derivative of -f**4/12 + f**3/3 - 236*f**2. Let o(n) = 3*n + 1. Let c be o(1). Give t(c).
-6
Let s(r) = -129*r**2 - 13*r - 1. Let w(i) = -26*i**2 - 3*i. Let l(b) = -4*s(b) + 19*w(b). Calculate l(2).
82
Let s(j) = -j - 1. Let n(q) = -7 - q**2 - 7 + 2 + q. Let z(i) = n(i) - 6*s(i). Suppose 5*t = -5*l + l + 6, 3*l - 18 = 3*t. Give z(l).
6
Let d = -118 + 76. Let i = d + 32. Let a(v) = 7 + 0*v - 11 - v - 4. Determine a(i).
2
Let d(j) = 9*j + 38. Let f be d(-18). Let o = 121 + f. Let w(z) = z**3 + 4*z**2 + z + 1. Give w(o).
7
Let k(i) = 28*i. Let t be 5 + (0 - 7) + 3. Let j(y) = y. Let m(w) = t*k(w) - 21*j(w). Calculate m(3).
21
Suppose -3*o + 12 = -5*o. Suppose -3*w - 3*m + 0 = 6, 0 = -5*w + 2*m - 10. Let h be w*(-4*1 - o/2). Let l(i) = 4*i - 2. Give l(h).
6
Let r = 403 - 408. Let u(a) = 13*a**3 + 27*a**2 - 18*a - 16. Let v(q) = -5*q**3 - 13*q**2 + 9*q + 8. Let j(m) = r*v(m) - 2*u(m). Determine j(10).
2
Let n be (287/(-35) - -7)/((-2)/(-5)). Suppose -3 = 31*s - 32*s. Let p(o) = -4*o + s*o - 1 - 1 + 3. Determine p(n).
4
Let b(u) be the second derivative of 15*u**3/2 - 25*u**2 - 7248*u. Give b(4).
130
Let l(g) = 3*g + 1. Let i be ((-10)/((-2)/2))/2. Let h = 1494 + -1492. Suppose 1 = -h*w - i. Calculate l(w).
-8
Let g(v) = v. Let m(l) = -39*l + 12. Let r(a) = -10*a + 3. Let t(d) = -4*m(d) + 15*r(d). Let u(o) = -4*g(o) + t(o). Suppose -4*k - k - 25 = 0. Give u(k).
-13
Let l(z) = -166*z**2 - 3*z - 13. Let c(a) = -11*a**2 - a - 1. Let w(p) = -16*c(p) + l(p). Calculate w(-5).
188
Let d(j) = j**2 + 8*j + 5. Let x(g) = -g**3 + 12*g**2 + 11*g + 9. Suppose 8*q - 13*q = -65. Let t be x(q). Let u be t + 16 + (-10)/2. Give d(u).
-7
Let u be (-4)/(-1) - 6 - -6. Suppose -5*v + 29 = 3*a + 4, -5*v = u*a - 30. Suppose g + 2*m - v = -2*m, -4 = -2*g + 2*m. Let i(k) = k - 1. Determine i(g).
1
Let m(o) = 16*o - 2. Suppose -84 = -4*b + 5*c, -4*b + 2*c = -2*c - 84. Suppose -12*f - b = -5*f. What is m(f)?
-50
Suppose 0 = 4*d - y + 2*y - 15, 4*d - 12 = -4*y. Let m(o) = o + 2*o - d + 3*o - 4*o. Give m(3).
2
Let l(g) = 214*g + 1241 + 486*g - 35*g - 1469. Let s(r) = -29*r + 10. Let a(n) = -5*l(n) - 114*s(n). Determine a(1).
-19
Let t(n) be the second derivative of -71*n - 1/20*n**5 - 5/6*n**4 + 0 - 2*n**2 - 11/6*n**3. Determine t(-9).
14
Suppose 14*g - 208 = 10*g. Let c(f) = -28*f - 26*f - 8 + g*f. Suppose -3*o = 3 + 15. Calculate c(o).
4
Let s(c) be the third derivative of -11/24*c**4 - 8/3*c**3 + 0 + 16*c**2 + 0*c. Let j(d) = 9*d + 16. Let b(